 = 5*y + 111964. List the prime factors of y.
2, 3, 5, 7
Let z be (2/(-4))/(13/(-104)) + -20. Let v(u) = -u**3 - 16*u**2 - 11*u - 44. What are the prime factors of v(z)?
2, 3, 11
Let j(m) = -m**3 - 11*m**2 - 12*m - 11. Let g be j(-10). Let s be (2/(-4))/(1 - g/6). What are the prime factors of 8 + -7 + s*62*1?
3, 7
Suppose -317*i + 847185 + 191124 = -300*i. What are the prime factors of i?
3, 20359
Suppose -f + 24 = 4*p - 5*f, p = -4*f + 11. Let r = 11 - p. Suppose -r*w + 56 = -40. What are the prime factors of w?
2, 3
Let d = -6473 + 8190. List the prime factors of d.
17, 101
Suppose -4*v - 2555 = -5*v - 2*w, 4*v + w = 10199. What are the prime factors of v?
2549
Let g(f) = -f**2 - 4*f + 3. Let i be g(-4). Let l = -132 + 136. Suppose i*m = 2*q - 57, l*m - 85 = -7*q + 2*q. List the prime factors of q.
3, 7
Let s(m) = -50*m**3 - 7*m**2 - 44*m - 35. What are the prime factors of s(-6)?
13, 829
Suppose 0 = 4*v - 3*v + 189. Let n(c) = -30*c + 488. Let q be n(6). Let i = v + q. List the prime factors of i.
7, 17
Suppose 150*p - 146*p + 80 = 0. Let d(l) = -3*l - 62. Let u be d(p). What are the prime factors of u/(-8) - (-4 - 4076/16)?
7, 37
Suppose -5*j - 8502 = -25180 - 4907. List the prime factors of j.
3, 1439
Let c(r) = r**2 - 3*r - 13. Suppose 0 = 4*x + 7 - 31. Let s be c(x). Suppose s*h - 355 = -0*h. List the prime factors of h.
71
Let p(w) = -14851*w + 9026. List the prime factors of p(-6).
2, 24533
Suppose 2*p - 2*o - 5 = 11, 5*o + 10 = 0. Suppose -10*l + 12*l = p. Let d(j) = 2*j**3 + j**2 + 6*j - 7. What are the prime factors of d(l)?
2, 37
Let m = 773 + -776. List the prime factors of 348 + 5/1 + (m - -6).
2, 89
Suppose -10 + 461 = 2*c + 3*o, 2*o + 215 = c. Suppose -9*f + c = 8*f. What are the prime factors of f?
13
Let s = -41 - -53. Let r(p) = 2*p**2 + 15*p + 24. Let f be r(s). Suppose -9*u = -13*u + f. List the prime factors of u.
3, 41
Let s(t) = 25*t**3 + t**2 - 1. Let g(p) = p**3 + 6*p**2 + 6*p + 3. Let v be g(-5). Let h be s(v). Let i = 366 + h. List the prime factors of i.
13
Suppose -6*l + 4*l + 2 = 0. Let x be (-1)/1 + (8 - l - 1). List the prime factors of (-3)/15 + 66/x.
13
Let n = 20067 - -18960. What are the prime factors of n?
3, 13009
Suppose 13*i + 5 = 31. Suppose -i*b = -49 - 101. What are the prime factors of b?
3, 5
Suppose 820 = -4*z + 8*z - 4*a, 5*a + 613 = 3*z. What are the prime factors of z?
2, 103
Let h be (-38)/(-76) - ((-35)/(-2))/(-5). Let f(i) = 48*i**2 + 2*i - 11. List the prime factors of f(h).
3, 5, 17
Suppose -3*q + 106860 = -2*l, 22386 = 3*q - l - 84480. What are the prime factors of q?
2, 61, 73
Let c = -17 - -20. Suppose c*u + 12 - 123 = 0. Suppose 0 = -3*o + 5*a + 34, -4*o = -o - 2*a - u. What are the prime factors of o?
13
Suppose -43 + 118 = 25*t. Suppose -t*y + 667 = -4*o - o, -2*y + 5*o = -443. List the prime factors of y.
2, 7
Let z(t) = 27848*t**2 - 587*t + 585. What are the prime factors of z(1)?
2, 3, 7, 13, 17
Let f(l) = 124*l**2 - l. Let j be f(-1). Let c = -99 + 328. Let m = c - j. What are the prime factors of m?
2, 13
Let s be 0/(2 + 3/3). Suppose k - 3*k + 780 = s. List the prime factors of k.
2, 3, 5, 13
Suppose 14 = -5*i + 7*i. Let q(n) = 14*n - 23. Let v be q(i). Suppose -14*l = -13*l - v. What are the prime factors of l?
3, 5
Let h(i) = -i**3 - 17*i**2 + 17*i - 8. Let d be h(-18). Let n be (2*3/d)/(25/4875). Let p = n + -40. List the prime factors of p.
7, 11
Suppose -5*i = -83*s + 82*s - 28420, -5*s + 11341 = 2*i. What are the prime factors of i?
5683
Suppose -2*i - 514590 = -32*i. List the prime factors of i.
17, 1009
What are the prime factors of (7 - 11)*(-13324)/6*(10 - 7)?
2, 3331
Let c be 54/63 - (-60)/28. Suppose -c*o = 2*n - 2*o - 965, o = -5. What are the prime factors of n?
5, 97
Let u be ((-279)/15 + -2)/((-4)/20). Suppose -4*a - i + u = -2*i, 0 = 5*i + 15. List the prime factors of 5*6/(6/a).
5
Suppose -15 - 1 = -5*a + 3*y, 3*a - 12 = 3*y. Let r(p) = -58*p**2 - 15*p + 28*p**2 + 12 + 28*p**a - p**3. List the prime factors of r(-6).
2, 3, 41
Suppose 3*x - 30946 = -3*s - 3088, -5*s - 27898 = -3*x. What are the prime factors of x?
3, 19, 163
Let k be (3*-1091*(-1)/(-3))/(-1). Suppose 9*p + k = -70. Let g = -53 - p. List the prime factors of g.
2, 19
Suppose -2*a = 5*o - 793, -10*a + 9*a + 318 = 2*o. List the prime factors of (7 - 3 - 4) + o + 1.
2, 79
Let b(l) = l**2 + 14*l + 33. Let w be b(-3). Let x(d) = -29*d + 126. List the prime factors of x(w).
2, 3, 7
Let i(d) be the first derivative of 19*d**6/40 + d**5/60 + 31*d**3/3 + 6. Let j(k) be the third derivative of i(k). List the prime factors of j(1).
173
Suppose 3*y = -6, 9 = d - 5*y - 4. Suppose -d*h + 182 = -805. What are the prime factors of h?
7, 47
Let r = 629 - 518. Let b = r + 1361. List the prime factors of b.
2, 23
Let x = -86 - -56. Let v = 6 + x. Let r = v + 28. What are the prime factors of r?
2
Let z = 49 - 59. What are the prime factors of z/2 + 613 + 1 - -1?
2, 5, 61
Let u(q) be the third derivative of 23*q**4/24 - 35*q**3/3 - 40*q**2. What are the prime factors of u(6)?
2, 17
Let l(d) = 1863*d - 14. List the prime factors of l(3).
5, 223
Let b(m) = -111*m + 50. Let a be b(-9). Suppose 1593 = 2*n - a. List the prime factors of n.
1321
Let u = -265 - -270. Let y(v) = 155*v - 30. List the prime factors of y(u).
5, 149
Let o = 134 - 28. Let t be ((-12)/15)/(5/(-725)). Let b = t - o. What are the prime factors of b?
2, 5
Suppose -4*c + 36422 = 3*j, 5*c + 11*j = 26267 + 19304. What are the prime factors of c?
19, 479
Let a be 30 + -23 - (-2 - 2). Let d(s) = s**3 - 5*s**2 + 11*s - 2. List the prime factors of d(a).
5, 13
What are the prime factors of 443/(6*(-17)/(-1020))?
2, 5, 443
Let f(l) = 33*l**2 - 4*l + 21. Let c be f(7). Suppose 196 + c = 14*q. List the prime factors of q.
3, 43
Suppose -1598720 = -327*d + 199*d. List the prime factors of d.
2, 5, 1249
Let w be (2*1)/(11*24/78012). Let j = -352 + w. What are the prime factors of j?
239
Suppose -4*u - 5*z = -7*u + 17356, 0 = -2*u - 4*z + 11622. List the prime factors of u.
11, 17, 31
Let l(c) = -c + 1. Let k(u) = 19*u**2 + u - 20. Let a(y) = k(y) + 3*l(y). List the prime factors of a(5).
2, 7
Let d(x) = -114*x - 7. Let f(n) = -2*n**3 + 30*n**2 - 2. Let h be f(15). What are the prime factors of d(h)?
13, 17
Suppose 6*k = 18942 + 54564. What are the prime factors of k?
12251
Let q(r) = 32*r**2 - 6*r + 2. What are the prime factors of q(-10)?
2, 7, 233
Suppose 5*l = -4*o + 42, -6*o + 28 = -3*o + 2*l. Let b(c) be the first derivative of c**4/4 - 2*c**3 + 5*c**2/2 + 3*c + 41. List the prime factors of b(o).
3, 19
Let w(j) = -71 - 17*j + 2*j**2 - 7*j**2 + 6*j**2 - 1. What are the prime factors of w(23)?
2, 3, 11
Suppose -72256 = -1148*q + 1132*q. What are the prime factors of q?
2, 1129
Let w(p) = p**2 - 10*p - 46. Let z = 188 - 194. What are the prime factors of w(z)?
2, 5
Let b(m) = 7*m + 7. Let q be b(-1). Suppose 355*l - 353*l - 1056 = q. What are the prime factors of l?
2, 3, 11
Suppose 2*d = 9*d - 217. Suppose w = d + 71. List the prime factors of w.
2, 3, 17
Let j = 713 - 711. Suppose 6*v + 1010 = i + 9*v, -j*v + 3044 = 3*i. What are the prime factors of i?
2, 127
Let f be (-6 + (-120)/(-18))/((-2)/(-6)). Let z be 3 + -4 + f - (-9)/3. Suppose -4*d - 3*u = -753, -d - 3*u + 942 = z*d. What are the prime factors of d?
3, 7
Suppose -4*h - 70 = -9*h. Suppose -20*s + h*s - 156 = 0. Let d = s + 72. List the prime factors of d.
2, 23
Let j = 2853 - 1725. Suppose 0*c + 5*r + 2750 = 5*c, -5*r = 2*c - j. What are the prime factors of c?
2, 277
Let r = -1535 - -5662. List the prime factors of r.
4127
Suppose 6*r = 42254 - 16004. List the prime factors of r.
5, 7
Let w(z) be the third derivative of z**6/120 - z**5/60 + z**4/24 + 240*z**3 + 35*z**2 + 4*z. List the prime factors of w(0).
2, 3, 5
Suppose -5*w - k = -52717, 96*k - 97*k + 10545 = w. What are the prime factors of w?
13, 811
Suppose 5*t - 2683 = 3*i - 306, -4*i + 4*t = 3172. Let v = 875 - i. List the prime factors of v.
1669
List the prime factors of (6 - 8)/(2 - (-296231)/(-148109)).
2, 11393
List the prime factors of (-7)/14*17*-232.
2, 17, 29
Let c be -4 - ((-204 - -4)/2 + -2). Let k = c + -96. Suppose 612 = 3*n - 3*o, 0*n + 818 = 4*n - k*o. List the prime factors of n.
5, 41
Let p(g) = 25*g**2 - 3*g +